
44a7
In base 16, what is -2f + -12de?
-130d
In base 7, what is -2 - -1555?
1553
In base 8, what is -16603 - 5?
-16610
In base 8, what is 41 + 15253?
15314
In base 8, what is -62443 - -1?
-62442
In base 16, what is -720 - 59?
-779
In base 4, what is -13 - -303302?
303223
In base 12, what is 1a44 - a4?
1960
In base 11, what is -4 - 953?
-957
In base 8, what is 347472 + 5?
347477
In base 14, what is -c1 - -16c1?
1600
In base 2, what is -11100010000011011 + 1001?
-11100010000010010
In base 8, what is -2 - -113551?
113547
In base 4, what is -3210 - -30120?
20310
In base 2, what is 1 + -1101100111110011?
-1101100111110010
In base 7, what is 6 - -54346?
54355
In base 11, what is -908 + -29?
-936
In base 12, what is 83867 - -6?
83871
In base 4, what is 10 + -33133112?
-33133102
In base 12, what is 8546 + -81?
8485
In base 8, what is -75271 - -2?
-75267
In base 3, what is 100112 - 122211?
-22022
In base 15, what is -e4aa + 5?
-e4a5
In base 12, what is -11b - 17a?
-299
In base 4, what is 10233 - 22203?
-11310
In base 13, what is 2 - 36798?
-36796
In base 7, what is 244 + 126?
403
In base 14, what is -c1b + 5d7?
-624
In base 16, what is 6914b2 - -4?
6914b6
In base 5, what is 133404 + 2141?
141100
In base 14, what is 0 - 15186?
-15186
In base 5, what is -104 - 41100?
-41204
In base 2, what is 10010101111001 - -1111?
10010110001000
In base 8, what is -6456 - -30?
-6426
In base 14, what is 8 - b245?
-b23b
In base 10, what is -56 + -339?
-395
In base 3, what is -10 + 200000001?
122222221
In base 10, what is -7 - 377750?
-377757
In base 15, what is 5 + 383d?
3843
In base 14, what is -9 + -10104?
-1010d
In base 7, what is -115414 + -30?
-115444
In base 11, what is 25 - 1466?
-1441
In base 14, what is -266 + ad?
-197
In base 3, what is 102011020 - -22?
102011112
In base 16, what is -a + cd7?
ccd
In base 13, what is -71909 + -14?
-71920
In base 5, what is -12333031 + 3?
-12333023
In base 13, what is 3 + 30569?
3056c
In base 14, what is -1bda7 - -15?
-1bd92
In base 8, what is -75 + 22?
-53
In base 5, what is -2320 - -102?
-2213
In base 12, what is 883571 + 2?
883573
In base 13, what is 15 - 2426?
-2411
In base 6, what is 412 + 12201?
13013
In base 11, what is -11a4 + 29?
-1176
In base 4, what is -1 + -102333313?
-102333320
In base 10, what is 935 - 215?
720
In base 14, what is -1a5 - 123?
-2c8
In base 6, what is -113242 - -1?
-113241
In base 16, what is 54a - 2c9?
281
In base 12, what is 4a1 - 0?
4a1
In base 14, what is -1 - 14905?
-14906
In base 11, what is -2 - 740387?
-740389
In base 12, what is 4116b - -18?
41187
In base 15, what is -9e + -431?
-4d0
In base 5, what is 2 - 10424244?
-10424242
In base 10, what is -3524 + -27?
-3551
In base 9, what is -13 - 28676?
-28700
In base 12, what is 1 + -731a?
-7319
In base 2, what is 1100 - -100110111111?
100111001011
In base 2, what is 101 - 101101110110111100?
-101101110110110111
In base 13, what is -154 - -56b?
417
In base 10, what is 2 - -703569?
703571
In base 12, what is 248a + -3?
2487
In base 12, what is -1a6 + 165?
-41
In base 6, what is -15 - 10534402?
-10534421
In base 2, what is -110001100100010100 - 101?
-110001100100011001
In base 12, what is 94a - -4?
952
In base 7, what is -131310 + 6?
-131301
In base 16, what is -16fdb + 13?
-16fc8
In base 13, what is 20 + 2083?
20a3
In base 5, what is 121103 - -14?
121122
In base 5, what is -4124 - 14422?
-24101
In base 13, what is 45920 + -a?
45913
In base 13, what is 633c - -4?
6343
In base 10, what is 26414 + 3?
26417
In base 6, what is 10 - -55533?
55543
In base 16, what is -1c - b5?
-d1
In base 2, what is 100110 - -110100110001?
110101010111
In base 11, what is -11189 + -13?
-111a1
In base 6, what is -1 + 341000?
340555
In base 2, what is -111 - -1011000111011111110?
1011000111011110111
In base 14, what is 637 - -17a?
7b3
In base 16, what is -2 + -dea5?
-dea7
In base 16, what is ee0f - 47?
edc8
In base 4, what is 2 - -1013201031?
1013201033
In base 8, what is 1115 - 46?
1047
In base 9, what is -3 + 542051?
542047
In base 9, what is -1308 + 174?
-1124
In base 15, what is -3 + -c5e58?
-c5e5b
In base 10, what is 9585 + 60?
9645
In base 10, what is 457288 + 3?
457291
In base 7, what is -2 + 1062312?
1062310
In base 7, what is 14 + 3540644?
3540661
In base 10, what is -12138 + -3?
-12141
In base 16, what is 15 + 243?
258
In base 11, what is 8a0 + -209?
692
In base 8, what is -20630 + -1036?
-21666
In base 9, what is 22334 + -2?
22332
In base 12, what is 5 + 7b96?
7b9b
In base 4, what is -103032 - -20?
-103012
In base 10, what is 602 + 166?
768
In base 13, what is -30 + -59?
-89
In base 9, what is -18078 - -1?
-18077
In base 14, what is 713dc + 5?
71403
In base 16, what is -95 + -b0?
-145
In base 9, what is 55363 - 22?
55341
In base 12, what is -68566 - 1?
-68567
In base 5, what is -40103112 - 1?
-40103113
In base 7, what is -151 + -21556?
-22040
In base 8, what is 21741062 - 4?
21741056
In base 4, what is 30223031 + 2?
30223033
In base 8, what is -100727 - 22?
-100751
In base 6, what is 4 - 4243?
-4235
In base 5, what is 102 + 11232?
11334
In base 4, what is 22 - 2222301?
-2222213
In base 16, what is 2918c + -5?
29187
In base 4, what is 1023 - 11210?
-10121
In base 12, what is -2aa0 + -47?
-2b27
In base 3, what is -2002111021 + 10?
-2002111011
In base 7, what is 1 - 3110314?
-3110313
In base 5, what is -421431 - 1124?
-423110
In base 10, what is -256797 + 5?
-256792
In base 6, what is -3 + 312524?
312521
In base 8, what is 4177 + 3?
4202
In base 4, what is -11 + 10201220?
10201203
In base 5, what is -12 + 40101120?
40101103
In base 9, what is -2632 - -142?
-2480
In base 11, what is -207 - 1?
-208
In base 3, what is 2212001201 - -2?
2212001210
In base 12, what is 867a - 3?
8677
In base 13, what is 2677 + 9?
2683
In base 7, what is 1616 - 6326?
-4410
In base 2, what is 1111000011001101 - -101?
1111000011010010
In base 14, what is 3a9 - -59?
424
In base 7, what is -121 - -31?
-60
In base 7, what is -140 - -630?
460
In base 7, what is 134 - 220645?
-220511
In base 6, what is -341 + -3321?
-4102
In base 9, what is -52 + -4446?
-4508
In base 2, what is 1111110000 + -1001010?
1110100110
In base 9, what is -224454 - -6?
-224447
In base 10, what is -1908 + 136?
-1772
In base 13, what is -45 + -32?
-77
In base 4, what is 32020 - -21?
32101
In base 5, what is 11 - -2341440?
2342001
In base 8, what is -20001 - -20?
-17761
In base 13, what is -82 - -3a3?
321
In base 8, what is -20514 + -3?
-20517
In base 16, what is 3c + -46a?
-42e
In base 15, what is -1c95 - -c?
-1c88
In base 7, what is -133 + 51355?
51222
In base 15, what is -ba40 - 19?
-ba59
In base 11, what is 3 - -23124?
23127
In base 6, what is 0 + 40450105?
40450105
In base 16, what is 30f - 2b?
2e4
In base 5, what is 44 - -121?
220
In base 8, what is 7335 - -205?
7542
In base 14, what is -84546 - 3?
-84549
In base 13, what is -10271 - -11?
-10260
In base 9, what is 3 - 565308?
-565305
In base 16, what is 3dd34 - 3?
3dd31
In base 10, what is -196980 + -1?
-196981
In base 5, what is 34 + 1221?
1310
In base 4, what is 23001 - -212?
23213
In base 9, what is 66 + -1776?
-1710
In base 9, what is 4 + -1286?
-1282
In base 4, what is -3 + 12232000?
12231331
In base 7, what is 106 + -164003?
-163564
In base 14, what is 686 + 6?
68c
In base 10, what is 29 + -222?
-193
In base 16, what is -20 + 40f?
3ef
In base 3, what is 21122100 - -12011?
21211111
In base 15, what is -3e7 - -210?
-1d7
In base 3, what is -1121210111112 + -12?
-1121210111201
In base 2, what is 1011101101101100111 + -11?
1011101101101100100
In base 2, what is 11 - 111000110010110?
-111000110010011
In base 3, what is -202011112 - -110?
-202011002
In base 15, what is 5 - -8e3?
8e8
In base 8, what is 37167 + -15?
37152
In base 13, what is -49c - 10?
-4ac
In base 9, what is -2 - -12602?
12600
In base 9, what is 112012 - -12?
112024
In base 5, what is 1411 + -101?
1310
In base 5, what is 24211 - -21?
24232
In base 4, what is -1 - 333002030?
-333002031
In base 13, what is -936 + 75?
-891
In base 9, what is -422 - 15021?
-15443
In base 11, what is -1667a8 + -5?
-166802
In base 12, what is -4743 + -94?
-4817
In base 16, what is -397bc + -7?
-397c3
In base 12, what is 753 - 2365?
-1812
In base 13, what is -4319 - -6?
-4313
In base 3, what is -1022122102 + 211?
-1022121121
